96 is divided by 1609.
1178
What is the remainder when 4172 is divided by 4158?
14
What is the remainder when 2597 is divided by 519?
2
Calculate the remainder when 18211 is divided by 9104.
3
Calculate the remainder when 1856395 is divided by 7.
2
Calculate the remainder when 55682 is divided by 599.
574
Calculate the remainder when 20871 is divided by 193.
27
Calculate the remainder when 187072 is divided by 46763.
20
Calculate the remainder when 6963 is divided by 11.
0
Calculate the remainder when 5746 is divided by 5523.
223
Calculate the remainder when 4928 is divided by 289.
15
Calculate the remainder when 7095 is divided by 35.
25
What is the remainder when 353015 is divided by 284?
3
Calculate the remainder when 22275 is divided by 1237.
9
What is the remainder when 310760 is divided by 103567?
59
Calculate the remainder when 10104 is divided by 335.
54
Calculate the remainder when 108578 is divided by 54284.
10
What is the remainder when 654 is divided by 22?
16
What is the remainder when 3510 is divided by 1170?
0
Calculate the remainder when 6298 is divided by 32.
26
What is the remainder when 13532 is divided by 2247?
50
What is the remainder when 20791 is divided by 562?
559
What is the remainder when 25038 is divided by 995?
163
Calculate the remainder when 143867 is divided by 5.
2
What is the remainder when 33072 is divided by 156?
0
Calculate the remainder when 2309 is divided by 136.
133
What is the remainder when 29353 is divided by 28983?
370
Calculate the remainder when 20152 is divided by 20149.
3
What is the remainder when 464457 is divided by 6?
3
Calculate the remainder when 169318 is divided by 62.
58
What is the remainder when 170347 is divided by 312?
307
Calculate the remainder when 10061 is divided by 284.
121
Calculate the remainder when 596 is divided by 541.
55
Calculate the remainder when 15041 is divided by 24.
17
What is the remainder when 10029 is divided by 908?
41
What is the remainder when 100740 is divided by 458?
438
What is the remainder when 50824 is divided by 1582?
200
What is the remainder when 28958 is divided by 261?
248
Calculate the remainder when 1859 is divided by 103.
5
Calculate the remainder when 263519 is divided by 20.
19
What is the remainder when 73 is divided by 27?
19
What is the remainder when 2694806 is divided by 7766?
4
What is the remainder when 4618 is divided by 28?
26
What is the remainder when 107445 is divided by 11934?
39
Calculate the remainder when 12137601 is divided by 1646.
1643
What is the remainder when 5950 is divided by 22?
10
What is the remainder when 4324 is divided by 197?
187
What is the remainder when 2339 is divided by 461?
34
Calculate the remainder when 724 is divided by 63.
31
Calculate the remainder when 49071 is divided by 6.
3
What is the remainder when 51174 is divided by 25?
24
What is the remainder when 13164 is divided by 330?
294
What is the remainder when 738495 is divided by 352?
351
Calculate the remainder when 314607 is divided by 848.
847
What is the remainder when 144717 is divided by 5?
2
Calculate the remainder when 7242 is divided by 2397.
51
Calculate the remainder when 7624 is divided by 3794.
36
What is the remainder when 5659 is divided by 14?
3
Calculate the remainder when 4793 is divided by 491.
374
What is the remainder when 17646 is divided by 251?
76
Calculate the remainder when 19658 is divided by 61.
16
Calculate the remainder when 10773 is divided by 58.
43
What is the remainder when 540 is divided by 163?
51
Calculate the remainder when 1256 is divided by 59.
17
Calculate the remainder when 226938 is divided by 3.
0
Calculate the remainder when 389842 is divided by 757.
744
What is the remainder when 9744 is divided by 1863?
429
What is the remainder when 306 is divided by 88?
42
What is the remainder when 56805 is divided by 24?
21
Calculate the remainder when 1073 is divided by 425.
223
Calculate the remainder when 10813 is divided by 105.
103
What is the remainder when 23946 is divided by 3987?
24
Calculate the remainder when 5638 is divided by 2581.
476
What is the remainder when 6691 is divided by 2230?
1
Calculate the remainder when 10739 is divided by 333.
83
What is the remainder when 22740 is divided by 876?
840
Calculate the remainder when 3979 is divided by 27.
10
Calculate the remainder when 42845 is divided by 1099.
1083
Calculate the remainder when 1324 is divided by 454.
416
Calculate the remainder when 11908 is divided by 2901.
304
What is the remainder when 55411 is divided by 27687?
37
Calculate the remainder when 6095 is divided by 2031.
2
What is the remainder when 4626 is divided by 1511?
93
Calculate the remainder when 575041 is divided by 25.
16
Calculate the remainder when 18337 is divided by 1146.
1
What is the remainder when 20238 is divided by 80?
78
Calculate the remainder when 22180 is divided by 66.
4
Calculate the remainder when 14660 is divided by 830.
550
Calculate the remainder when 3039 is divided by 80.
79
Calculate the remainder when 2012 is divided by 1107.
905
Calculate the remainder when 2671 is divided by 331.
23
Calculate the remainder when 15599 is divided by 34.
27
Calculate the remainder when 1740694 is divided by 870343.
8
Calculate the remainder when 3903 is divided by 1070.
693
What is the remainder when 126599 is divided by 60?
59
What is the remainder when 10499 is divided by 499?
20
What is the remainder when 1189 is divided by 226?
59
Calculate the remainder when 100888 is divided by 194.
8
What is the remainder when 772 is divided by 91?
44
Calculate the remainder when 13501 is divided by 1919.
68
What is the remainder when 2359 is divided by 957?
445
What is the remainder when 11195 is divided by 199?
51
Calculate the remainder when 135570 is divided by 280.
50
What is the remainder when 825 is divided by 126?
69
Calculate the remainder when 170411 is divided by 58.
7
Calculate the remainder when 44932 is divided by 8985.
7
What is the remainder when 19503 is divided by 6499?
6
What is the remainder when 42796 is divided by 14263?
7
What is the remainder when 3063735 is divided by 23?
20
Calculate the remainder when 54655 is divided by 14.
13
Calculate the remainder when 6517 is divided by 3226.
65
What is the remainder when 12809 is divided by 2550?
59
Calculate the remainder when 5108 is divided by 1000.
108
What is the remainder when 42622 is divided by 102?
88
Calculate the remainder when 17154 is divided by 63.
18
What is the remainder when 24522 is divided by 103?
8
Calculate the remainder when 66411 is divided by 1208.
1179
What is the remainder when 2021 is divided by 282?
47
What is the remainder when 7629 is divided by 7610?
19
What is the remainder when 187898 is divided by 850?
48
What is the remainder when 20309 is divided by 2360?
1429
Calculate the remainder when 5042 is divided by 73.
5
Calculate the remainder when 510 is divided by 74.
66
What is the remainder when 8301 is divided by 4104?
93
What is the remainder when 67389 is divided by 644?
413
Calculate the remainder when 7694 is divided by 2484.
242
Calculate the remainder when 44928 is divided by 144.
0
Calculate the remainder when 3121 is divided by 124.
21
What is the remainder when 184638 is divided by 577?
575
What is the remainder when 89945 is divided by 17?
15
Calculate the remainder when 8360 is divided by 182.
170
What is the remainder when 1280 is divided by 129?
119
Calculate the remainder when 6376 is divided by 94.
78
What is the remainder when 7107 is divided by 18?
15
What is the remainder when 18425 is divided by 18?
11
What is the remainder when 67564 is divided by 6?
4
What is the remainder when 47940 is divided by 12?
0
Calculate the remainder when 10620 is divided by 1240.
700
What is the remainder when 294 is divided by 13?
8
Calculate the remainder when 1060664 is divided by 14.
10
What is the remainder when 19071 is divided by 149?
148
What is the remainder when 216470 is divided by 59?
58
What is the remainder when 4821 is divided by 1527?
240
What is the remainder when 48733 is divided by 95?
93
What is the remainder when 162223 is divided by 54070?
13
What is the remainder when 2304 is divided by 29?
13
What is the remainder when 4622 is divided by 35?
2
What is the 